 5692.
4
Calculate the greatest common factor of 234726 and 852.
426
What is the greatest common factor of 169 and 13?
13
Calculate the highest common factor of 29 and 293770.
29
What is the highest common factor of 21504 and 3612?
84
What is the greatest common divisor of 28728 and 1071?
63
Calculate the greatest common divisor of 52 and 1521.
13
Calculate the greatest common divisor of 267 and 11125.
89
What is the greatest common factor of 20648 and 108344?
232
What is the greatest common factor of 450 and 601925?
25
Calculate the greatest common factor of 90 and 104050.
10
Calculate the highest common factor of 7170 and 19359.
717
Calculate the greatest common divisor of 1404 and 4316.
52
What is the greatest common divisor of 13855 and 13175?
85
Calculate the highest common divisor of 495 and 1595.
55
What is the highest common divisor of 974529 and 342?
171
Calculate the greatest common divisor of 20350 and 143.
11
Calculate the greatest common factor of 35 and 136885.
35
What is the highest common divisor of 141733 and 4878?
271
Calculate the highest common factor of 130 and 6040.
10
What is the greatest common divisor of 24815 and 21979?
709
Calculate the highest common factor of 7296 and 1536.
384
Calculate the greatest common divisor of 1323 and 1602.
9
What is the greatest common divisor of 509639 and 3152?
197
What is the highest common factor of 201 and 105793?
67
What is the greatest common factor of 1611986 and 438?
146
What is the greatest common factor of 1023 and 5544319?
341
What is the greatest common factor of 1568 and 752?
16
Calculate the highest common factor of 14184 and 2304.
72
Calculate the greatest common divisor of 185 and 890.
5
Calculate the highest common divisor of 408 and 11496.
24
Calculate the highest common factor of 21402 and 163098.
738
What is the highest common factor of 14229 and 1488?
93
What is the greatest common divisor of 97299 and 855?
171
Calculate the greatest common divisor of 535 and 218066.
107
What is the highest common factor of 520820 and 40?
20
Calculate the greatest common factor of 1209 and 15015.
39
Calculate the highest common factor of 165 and 1749.
33
Calculate the highest common divisor of 2 and 583370.
2
Calculate the highest common divisor of 9 and 10096.
1
What is the greatest common divisor of 1957005 and 36?
9
What is the greatest common divisor of 156 and 21736?
52
What is the greatest common divisor of 5048 and 64?
8
What is the highest common factor of 91 and 134407?
91
Calculate the greatest common divisor of 948 and 12561.
237
What is the greatest common factor of 56764 and 184?
92
What is the highest common factor of 119 and 42756?
7
What is the highest common divisor of 2574891 and 18?
9
What is the greatest common factor of 345 and 119485?
115
What is the greatest common divisor of 4380 and 90?
30
Calculate the greatest common factor of 83 and 168407.
83
What is the greatest common divisor of 145 and 323611?
29
Calculate the highest common divisor of 71 and 21927782.
71
What is the greatest common factor of 5824 and 282688?
448
Calculate the highest common factor of 10920 and 117040.
280
What is the greatest common divisor of 2680456 and 16?
8
Calculate the highest common factor of 5150 and 44805.
515
What is the highest common divisor of 91788 and 732?
12
Calculate the highest common divisor of 242281 and 26.
13
What is the greatest common divisor of 588 and 22254?
6
Calculate the highest common factor of 171 and 333.
9
Calculate the highest common factor of 300306 and 198.
6
What is the highest common divisor of 44 and 268972?
44
Calculate the greatest common divisor of 162 and 4038.
6
What is the greatest common factor of 640 and 10976?
32
Calculate the highest common factor of 4251891 and 21.
21
What is the greatest common divisor of 294 and 63966?
42
Calculate the highest common factor of 475 and 7855.
5
What is the greatest common factor of 1234 and 66?
2
What is the greatest common factor of 8833 and 511?
73
Calculate the greatest common divisor of 132616 and 13552.
968
What is the highest common divisor of 14201 and 539?
11
Calculate the highest common divisor of 707325 and 60.
15
What is the highest common factor of 96 and 72144?
48
What is the highest common divisor of 19392 and 909?
303
Calculate the greatest common factor of 441 and 8869.
49
Calculate the greatest common divisor of 108110 and 10.
10
Calculate the highest common divisor of 844 and 824377.
211
What is the highest common factor of 43328 and 128?
64
What is the highest common factor of 328 and 84296?
328
Calculate the greatest common divisor of 44576 and 169792.
224
Calculate the greatest common divisor of 1151958 and 888.
222
What is the greatest common divisor of 53022 and 9?
3
What is the greatest common factor of 162313 and 7720?
193
What is the greatest common factor of 101178 and 36?
18
Calculate the highest common factor of 8477 and 57263.
173
Calculate the greatest common divisor of 336 and 3465.
21
Calculate the highest common factor of 13323 and 27.
3
Calculate the highest common factor of 261 and 1695.
3
Calculate the greatest common factor of 29 and 898333.
29
What is the greatest common factor of 59 and 1903163?
59
What is the greatest common factor of 604 and 38354?
302
Calculate the highest common factor of 3520 and 2208.
32
What is the greatest common divisor of 3825 and 5850?
225
What is the greatest common divisor of 1595 and 1760?
55
What is the highest common factor of 246389 and 52?
13
What is the highest common factor of 9114 and 22638?
294
What is the highest common factor of 11871296 and 64?
64
Calculate the greatest common factor of 39125 and 37247.
313
Calculate the greatest common factor of 4875 and 2145.
195
What is the greatest common factor of 20256 and 229146?
1266
Calculate the highest common factor of 234 and 289854.
18
Calculate the greatest common divisor of 1002072 and 12.
12
Calculate the greatest common factor of 1677767 and 91.
91
What is the greatest common factor of 1150 and 46?
46
What is the highest common factor of 9 and 1070523?
9
What is the highest common divisor of 1422135 and 2295?
765
Calculate the highest common factor of 75 and 46275.
75
Calculate the greatest common divisor of 33 and 60181.
11
What is the greatest common factor of 1190 and 1030?
10
Calculate the greatest common divisor of 15 and 10915.
5
What is the greatest common factor of 350 and 185920?
70
What is the highest common factor of 18 and 211986?
18
What is the greatest common factor of 2017386 and 945?
189
Calculate the highest common divisor of 10496 and 943.
41
What is the greatest common factor of 602 and 49154?
14
Calculate the greatest common divisor of 639643 and 178.
89
Calculate the greatest common factor of 27 and 23103.
9
What is the greatest common divisor of 201356 and 568?
284
What is the highest common divisor of 913 and 90636?
83
Calculate the greatest common divisor of 10 and 4570.
10
What is the greatest common factor of 190 and 3370?
10
Calculate the greatest common divisor of 697140 and 630.
90
Calculate the greatest common divisor of 10 and 7430.
10
What is the highest common divisor of 11704 and 17290?
266
What is the greatest common divisor of 130493 and 88?
11
Calculate the highest common divisor of 11 and 6941.
11
What is the highest common factor of 2 and 156670?
2
Calculate the highest common factor of 258 and 200337.
129
What is the highest common divisor of 27 and 675261?
9
Calculate the highest common divisor of 77851 and 762.
127
What is the highest common factor of 3990 and 156?
6
Calculate the greatest common divisor of 9 and 1611.
9
Calculate the highest common factor of 12648 and 476.
68
What is the highest common factor of 531 and 21181?
59
Calculate the greatest common divisor of 1596 and 2316.
12
What is the highest common factor of 140 and 8260?
140
Calculate the greatest common divisor of 10906 and 98.
14
What is the greatest common divisor of 2547 and 113200?
283
Calculate the greatest common divisor of 9052 and 876.
292
Calculate the greatest common factor of 91971 and 36.
9
Calculate the greatest common factor of 95 and 7582045.
95
Calculate the greatest common divisor of 874 and 28520.
46
What is the greatest common factor of 1